{"id":67,"date":"2025-11-17T22:07:40","date_gmt":"2025-11-17T22:07:40","guid":{"rendered":"https:\/\/louve7.com.br\/?page_id=67"},"modified":"2025-11-17T22:07:42","modified_gmt":"2025-11-17T22:07:42","slug":"louve-7","status":"publish","type":"page","link":"https:\/\/louve7.com.br\/index.php\/louve-7\/","title":{"rendered":"Louve 7"},"content":{"rendered":"<section style=\"padding:60px 0; text-align:center; background:#f8f9fa;\">\n<h1 style=\"font-size:36px; color:#222; margin-bottom:20px;\">Ebook + M\u00fasicas: <strong>Louvor e Adora\u00e7\u00e3o 7<\/strong><\/h1>\n<p style=\"font-size:18px; color:#555; max-width:700px; margin:auto;\">\n    Um conte\u00fado inspirador com reflex\u00f5es profundas e can\u00e7\u00f5es exclusivas que fortalecem a f\u00e9.<br \/>\n    Baixe o <strong>ebook em PDF<\/strong> e as <strong>m\u00fasicas em MP3<\/strong> e viva momentos de adora\u00e7\u00e3o onde estiver.\n  <\/p>\n<p>  <img decoding=\"async\" src=\"https:\/\/seusite.com\/capa-ebook.jpg\" alt=\"Capa do Ebook Louvor e Adora\u00e7\u00e3o 7\" style=\"max-width:300px; margin:30px auto; display:block; border-radius:10px;\"><\/p>\n<div style=\"margin-top:30px;\">\n    <a href=\"https:\/\/seusite.com\/produto\/louvor-e-adoracao-7\" \n       style=\"background:#4CAF50; color:white; padding:15px 40px; font-size:18px; border-radius:8px; text-decoration:none;\"><br \/>\n       Comprar Agora \u2013 R$29,90<br \/>\n    <\/a>\n  <\/div>\n<div style=\"margin-top:40px; font-size:16px; color:#444;\">\n<p>\ud83d\udcd8 Formato: PDF (Ebook) + MP3 (M\u00fasicas)<\/p>\n<p>\ud83d\udd12 Pagamento 100% seguro | \ud83d\udc8c Download liberado imediatamente ap\u00f3s o pagamento<\/p>\n<\/p><\/div>\n<\/section>\n<section style=\"padding:50px; background:white;\">\n<h2 style=\"color:#222;\">O que voc\u00ea vai receber<\/h2>\n<ul style=\"list-style:none; padding:0; font-size:18px; line-height:1.8;\">\n<li>\u2705 Ebook completo em PDF com letras e mensagens devocionais;<\/li>\n<li>\u2705 10 faixas em MP3 exclusivas para adora\u00e7\u00e3o;<\/li>\n<li>\u2705 Download imediato ap\u00f3s a compra;<\/li>\n<li>\u2705 Acesso vital\u00edcio ao conte\u00fado.<\/li>\n<\/ul>\n<\/section>\n<section style=\"padding:50px; background:#f0f0f0; text-align:center;\">\n<h2>Depoimentos<\/h2>\n<p style=\"max-width:600px; margin:auto; font-size:17px;\">\u201cSimplesmente maravilhoso! As m\u00fasicas tocam profundamente o cora\u00e7\u00e3o.\u201d<br \/><strong>\u2013 Maria Oliveira<\/strong><\/p>\n<p style=\"max-width:600px; margin:auto; font-size:17px;\">\u201cLeitura inspiradora, me aproximou mais de Deus.\u201d<br \/><strong>\u2013 Jo\u00e3o Santos<\/strong><\/p>\n<\/section>\n","protected":false},"excerpt":{"rendered":"<p>Ebook + M\u00fasicas: Louvor e Adora\u00e7\u00e3o 7 Um conte\u00fado inspirador com reflex\u00f5es profundas e can\u00e7\u00f5es exclusivas que fortalecem a f\u00e9. Baixe o ebook em PDF e as m\u00fasicas em MP3 e viva momentos de adora\u00e7\u00e3o onde estiver. Comprar Agora \u2013 R$29,90 \ud83d\udcd8 Formato: PDF (Ebook) + MP3 (M\u00fasicas) \ud83d\udd12 Pagamento 100% seguro | \ud83d\udc8c Download&#8230;<\/p>\n","protected":false},"author":1,"featured_media":0,"parent":0,"menu_order":0,"comment_status":"closed","ping_status":"closed","template":"","meta":{"_kad_post_transparent":"","_kad_post_title":"","_kad_post_layout":"","_kad_post_sidebar_id":"","_kad_post_content_style":"","_kad_post_vertical_padding":"","_kad_post_feature":"","_kad_post_feature_position":"","_kad_post_header":false,"_kad_post_footer":false,"_kad_post_classname":"","footnotes":""},"class_list":["post-67","page","type-page","status-publish","hentry"],"yoast_head":"<!-- This site is optimized with the Yoast SEO plugin v26.3 - https:\/\/yoast.com\/wordpress\/plugins\/seo\/ -->\n<title>Louve 7 - Louve 7 - Louvor e Adora\u00e7\u00e3o 7<\/title>\n<meta name=\"robots\" content=\"index, follow, max-snippet:-1, max-image-preview:large, max-video-preview:-1\" \/>\n<link rel=\"canonical\" href=\"https:\/\/louve7.com.br\/index.php\/louve-7\/\" \/>\n<meta property=\"og:locale\" content=\"pt_BR\" \/>\n<meta property=\"og:type\" content=\"article\" \/>\n<meta property=\"og:title\" content=\"Louve 7 - Louve 7 - Louvor e Adora\u00e7\u00e3o 7\" \/>\n<meta property=\"og:description\" content=\"Ebook + M\u00fasicas: Louvor e Adora\u00e7\u00e3o 7 Um conte\u00fado inspirador com reflex\u00f5es profundas e can\u00e7\u00f5es exclusivas que fortalecem a f\u00e9. Baixe o ebook em PDF e as m\u00fasicas em MP3 e viva momentos de adora\u00e7\u00e3o onde estiver. Comprar Agora \u2013 R$29,90 \ud83d\udcd8 Formato: PDF (Ebook) + MP3 (M\u00fasicas) \ud83d\udd12 Pagamento 100% seguro | \ud83d\udc8c Download...\" \/>\n<meta property=\"og:url\" content=\"https:\/\/louve7.com.br\/index.php\/louve-7\/\" \/>\n<meta property=\"og:site_name\" content=\"Louve 7 - Louvor e Adora\u00e7\u00e3o 7\" \/>\n<meta property=\"article:modified_time\" content=\"2025-11-17T22:07:42+00:00\" \/>\n<meta property=\"og:image\" content=\"https:\/\/seusite.com\/capa-ebook.jpg\" \/>\n<meta name=\"twitter:card\" content=\"summary_large_image\" \/>\n<meta name=\"twitter:label1\" content=\"Est. tempo de leitura\" \/>\n\t<meta name=\"twitter:data1\" content=\"1 minuto\" \/>\n<script type=\"application\/ld+json\" class=\"yoast-schema-graph\">{\"@context\":\"https:\/\/schema.org\",\"@graph\":[{\"@type\":\"WebPage\",\"@id\":\"https:\/\/louve7.com.br\/index.php\/louve-7\/\",\"url\":\"https:\/\/louve7.com.br\/index.php\/louve-7\/\",\"name\":\"Louve 7 - Louve 7 - Louvor e Adora\u00e7\u00e3o 7\",\"isPartOf\":{\"@id\":\"https:\/\/louve7.com.br\/#website\"},\"primaryImageOfPage\":{\"@id\":\"https:\/\/louve7.com.br\/index.php\/louve-7\/#primaryimage\"},\"image\":{\"@id\":\"https:\/\/louve7.com.br\/index.php\/louve-7\/#primaryimage\"},\"thumbnailUrl\":\"https:\/\/seusite.com\/capa-ebook.jpg\",\"datePublished\":\"2025-11-17T22:07:40+00:00\",\"dateModified\":\"2025-11-17T22:07:42+00:00\",\"breadcrumb\":{\"@id\":\"https:\/\/louve7.com.br\/index.php\/louve-7\/#breadcrumb\"},\"inLanguage\":\"pt-BR\",\"potentialAction\":[{\"@type\":\"ReadAction\",\"target\":[\"https:\/\/louve7.com.br\/index.php\/louve-7\/\"]}]},{\"@type\":\"ImageObject\",\"inLanguage\":\"pt-BR\",\"@id\":\"https:\/\/louve7.com.br\/index.php\/louve-7\/#primaryimage\",\"url\":\"https:\/\/seusite.com\/capa-ebook.jpg\",\"contentUrl\":\"https:\/\/seusite.com\/capa-ebook.jpg\"},{\"@type\":\"BreadcrumbList\",\"@id\":\"https:\/\/louve7.com.br\/index.php\/louve-7\/#breadcrumb\",\"itemListElement\":[{\"@type\":\"ListItem\",\"position\":1,\"name\":\"In\u00edcio\",\"item\":\"https:\/\/louve7.com.br\/\"},{\"@type\":\"ListItem\",\"position\":2,\"name\":\"Louve 7\"}]},{\"@type\":\"WebSite\",\"@id\":\"https:\/\/louve7.com.br\/#website\",\"url\":\"https:\/\/louve7.com.br\/\",\"name\":\"Louve 7 - Louvor e Adora\u00e7\u00e3o 7\",\"description\":\"Ouvir e baixar m\u00fasicas evang\u00e9licas Gospel, \u00e1lbum de desenhos para colorir da b\u00edblia em pdf\",\"potentialAction\":[{\"@type\":\"SearchAction\",\"target\":{\"@type\":\"EntryPoint\",\"urlTemplate\":\"https:\/\/louve7.com.br\/?s={search_term_string}\"},\"query-input\":{\"@type\":\"PropertyValueSpecification\",\"valueRequired\":true,\"valueName\":\"search_term_string\"}}],\"inLanguage\":\"pt-BR\"}]}<\/script>\n<!-- \/ Yoast SEO plugin. -->","yoast_head_json":{"title":"Louve 7 - Louve 7 - Louvor e Adora\u00e7\u00e3o 7","robots":{"index":"index","follow":"follow","max-snippet":"max-snippet:-1","max-image-preview":"max-image-preview:large","max-video-preview":"max-video-preview:-1"},"canonical":"https:\/\/louve7.com.br\/index.php\/louve-7\/","og_locale":"pt_BR","og_type":"article","og_title":"Louve 7 - Louve 7 - Louvor e Adora\u00e7\u00e3o 7","og_description":"Ebook + M\u00fasicas: Louvor e Adora\u00e7\u00e3o 7 Um conte\u00fado inspirador com reflex\u00f5es profundas e can\u00e7\u00f5es exclusivas que fortalecem a f\u00e9. Baixe o ebook em PDF e as m\u00fasicas em MP3 e viva momentos de adora\u00e7\u00e3o onde estiver. Comprar Agora \u2013 R$29,90 \ud83d\udcd8 Formato: PDF (Ebook) + MP3 (M\u00fasicas) \ud83d\udd12 Pagamento 100% seguro | \ud83d\udc8c Download...","og_url":"https:\/\/louve7.com.br\/index.php\/louve-7\/","og_site_name":"Louve 7 - Louvor e Adora\u00e7\u00e3o 7","article_modified_time":"2025-11-17T22:07:42+00:00","og_image":[{"url":"https:\/\/seusite.com\/capa-ebook.jpg","type":"","width":"","height":""}],"twitter_card":"summary_large_image","twitter_misc":{"Est. tempo de leitura":"1 minuto"},"schema":{"@context":"https:\/\/schema.org","@graph":[{"@type":"WebPage","@id":"https:\/\/louve7.com.br\/index.php\/louve-7\/","url":"https:\/\/louve7.com.br\/index.php\/louve-7\/","name":"Louve 7 - Louve 7 - Louvor e Adora\u00e7\u00e3o 7","isPartOf":{"@id":"https:\/\/louve7.com.br\/#website"},"primaryImageOfPage":{"@id":"https:\/\/louve7.com.br\/index.php\/louve-7\/#primaryimage"},"image":{"@id":"https:\/\/louve7.com.br\/index.php\/louve-7\/#primaryimage"},"thumbnailUrl":"https:\/\/seusite.com\/capa-ebook.jpg","datePublished":"2025-11-17T22:07:40+00:00","dateModified":"2025-11-17T22:07:42+00:00","breadcrumb":{"@id":"https:\/\/louve7.com.br\/index.php\/louve-7\/#breadcrumb"},"inLanguage":"pt-BR","potentialAction":[{"@type":"ReadAction","target":["https:\/\/louve7.com.br\/index.php\/louve-7\/"]}]},{"@type":"ImageObject","inLanguage":"pt-BR","@id":"https:\/\/louve7.com.br\/index.php\/louve-7\/#primaryimage","url":"https:\/\/seusite.com\/capa-ebook.jpg","contentUrl":"https:\/\/seusite.com\/capa-ebook.jpg"},{"@type":"BreadcrumbList","@id":"https:\/\/louve7.com.br\/index.php\/louve-7\/#breadcrumb","itemListElement":[{"@type":"ListItem","position":1,"name":"In\u00edcio","item":"https:\/\/louve7.com.br\/"},{"@type":"ListItem","position":2,"name":"Louve 7"}]},{"@type":"WebSite","@id":"https:\/\/louve7.com.br\/#website","url":"https:\/\/louve7.com.br\/","name":"Louve 7 - Louvor e Adora\u00e7\u00e3o 7","description":"Ouvir e baixar m\u00fasicas evang\u00e9licas Gospel, \u00e1lbum de desenhos para colorir da b\u00edblia em pdf","potentialAction":[{"@type":"SearchAction","target":{"@type":"EntryPoint","urlTemplate":"https:\/\/louve7.com.br\/?s={search_term_string}"},"query-input":{"@type":"PropertyValueSpecification","valueRequired":true,"valueName":"search_term_string"}}],"inLanguage":"pt-BR"}]}},"_links":{"self":[{"href":"https:\/\/louve7.com.br\/index.php\/wp-json\/wp\/v2\/pages\/67","targetHints":{"allow":["GET"]}}],"collection":[{"href":"https:\/\/louve7.com.br\/index.php\/wp-json\/wp\/v2\/pages"}],"about":[{"href":"https:\/\/louve7.com.br\/index.php\/wp-json\/wp\/v2\/types\/page"}],"author":[{"embeddable":true,"href":"https:\/\/louve7.com.br\/index.php\/wp-json\/wp\/v2\/users\/1"}],"replies":[{"embeddable":true,"href":"https:\/\/louve7.com.br\/index.php\/wp-json\/wp\/v2\/comments?post=67"}],"version-history":[{"count":1,"href":"https:\/\/louve7.com.br\/index.php\/wp-json\/wp\/v2\/pages\/67\/revisions"}],"predecessor-version":[{"id":68,"href":"https:\/\/louve7.com.br\/index.php\/wp-json\/wp\/v2\/pages\/67\/revisions\/68"}],"wp:attachment":[{"href":"https:\/\/louve7.com.br\/index.php\/wp-json\/wp\/v2\/media?parent=67"}],"curies":[{"name":"wp","href":"https:\/\/api.w.org\/{rel}","templated":true}]}}